{"id":1136,"date":"2024-10-29T18:22:10","date_gmt":"2024-10-29T18:22:10","guid":{"rendered":"https:\/\/cliente.rezeta.com.br\/belfante\/books\/"},"modified":"2024-12-03T21:22:54","modified_gmt":"2024-12-03T21:22:54","slug":"contos-do-fim-do-mundo","status":"publish","type":"page","link":"https:\/\/cliente.rezeta.com.br\/belfante\/","title":{"rendered":"Contos do fim do mundo"},"content":{"rendered":"\t\t<div data-elementor-type=\"wp-page\" data-elementor-id=\"1136\" class=\"elementor elementor-1136\">\n\t\t\t\t<div class=\"elementor-element elementor-element-20647f0d elementor-hidden-desktop elementor-hidden-tablet elementor-hidden-mobile e-flex e-con-boxed wpr-particle-no wpr-jarallax-no wpr-parallax-no wpr-sticky-section-no wpr-equal-height-no e-con e-parent\" data-id=\"20647f0d\" data-element_type=\"container\" data-e-type=\"container\" data-settings=\"{&quot;background_background&quot;:&quot;classic&quot;}\">\n\t\t\t\t\t<div class=\"e-con-inner\">\n\t\t<div class=\"elementor-element elementor-element-30edd7 e-con-full e-flex wpr-particle-no wpr-jarallax-no wpr-parallax-no wpr-sticky-section-no wpr-equal-height-no e-con e-child\" data-id=\"30edd7\" data-element_type=\"container\" data-e-type=\"container\">\n\t\t\t\t<div class=\"elementor-element elementor-element-150803bf elementor-widget elementor-widget-heading\" data-id=\"150803bf\" data-element_type=\"widget\" data-e-type=\"widget\" data-widget_type=\"heading.default\">\n\t\t\t\t<div class=\"elementor-widget-container\">\n\t\t\t\t\t<p class=\"elementor-heading-title elementor-size-default\">Pr\u00e9-venda dispon\u00edvel!<\/p>\t\t\t\t<\/div>\n\t\t\t\t<\/div>\n\t\t\t\t<div class=\"elementor-element elementor-element-60bb94e9 elementor-widget__width-initial elementor-widget elementor-widget-heading\" data-id=\"60bb94e9\" data-element_type=\"widget\" data-e-type=\"widget\" data-widget_type=\"heading.default\">\n\t\t\t\t<div class=\"elementor-widget-container\">\n\t\t\t\t\t<h1 class=\"elementor-heading-title elementor-size-default\">Contos das quinze linhas<\/h1>\t\t\t\t<\/div>\n\t\t\t\t<\/div>\n\t\t\t\t<div class=\"elementor-element elementor-element-292210cc elementor-widget elementor-widget-text-editor\" data-id=\"292210cc\" data-element_type=\"widget\" data-e-type=\"widget\" data-widget_type=\"text-editor.default\">\n\t\t\t\t<div class=\"elementor-widget-container\">\n\t\t\t\t\t\t\t\t\t<p>Um evento. Quinze pessoas. Um n\u00f3 inescap\u00e1vel do destino. Primeiro livro da s\u00e9rie ficcional A Capital, Contos das Quinze Linhas revela o cotidiano de seus personagens em textos curtos, atemporais e profundamente envolventes. Cada linha conduz o leitor em dire\u00e7\u00e3o ao fat\u00eddico dia, tecendo uma trama onde vidas se cruzam e se transformam de forma inesperada.<\/p>\t\t\t\t\t\t\t\t<\/div>\n\t\t\t\t<\/div>\n\t\t<div class=\"elementor-element elementor-element-18f10625 e-con-full e-flex wpr-particle-no wpr-jarallax-no wpr-parallax-no wpr-sticky-section-no wpr-equal-height-no e-con e-child\" data-id=\"18f10625\" data-element_type=\"container\" data-e-type=\"container\">\n\t\t<div class=\"elementor-element elementor-element-2f022177 e-con-full e-flex wpr-particle-no wpr-jarallax-no wpr-parallax-no wpr-sticky-section-no wpr-equal-height-no e-con e-child\" data-id=\"2f022177\" data-element_type=\"container\" data-e-type=\"container\">\n\t\t\t\t<div class=\"elementor-element elementor-element-32872689 elementor-widget elementor-widget-button\" data-id=\"32872689\" data-element_type=\"widget\" data-e-type=\"widget\" data-widget_type=\"button.default\">\n\t\t\t\t<div class=\"elementor-widget-container\">\n\t\t\t\t\t\t\t\t\t<div class=\"elementor-button-wrapper\">\n\t\t\t\t\t<a class=\"elementor-button elementor-button-link elementor-size-sm\" href=\"#\">\n\t\t\t\t\t\t<span class=\"elementor-button-content-wrapper\">\n\t\t\t\t\t\t<span class=\"elementor-button-icon\">\n\t\t\t\t<svg aria-hidden=\"true\" class=\"e-font-icon-svg e-fab-amazon\" viewBox=\"0 0 448 512\" xmlns=\"http:\/\/www.w3.org\/2000\/svg\"><path d=\"M257.2 162.7c-48.7 1.8-169.5 15.5-169.5 117.5 0 109.5 138.3 114 183.5 43.2 6.5 10.2 35.4 37.5 45.3 46.8l56.8-56S341 288.9 341 261.4V114.3C341 89 316.5 32 228.7 32 140.7 32 94 87 94 136.3l73.5 6.8c16.3-49.5 54.2-49.5 54.2-49.5 40.7-.1 35.5 29.8 35.5 69.1zm0 86.8c0 80-84.2 68-84.2 17.2 0-47.2 50.5-56.7 84.2-57.8v40.6zm136 163.5c-7.7 10-70 67-174.5 67S34.2 408.5 9.7 379c-6.8-7.7 1-11.3 5.5-8.3C88.5 415.2 203 488.5 387.7 401c7.5-3.7 13.3 2 5.5 12zm39.8 2.2c-6.5 15.8-16 26.8-21.2 31-5.5 4.5-9.5 2.7-6.5-3.8s19.3-46.5 12.7-55c-6.5-8.3-37-4.3-48-3.2-10.8 1-13 2-14-.3-2.3-5.7 21.7-15.5 37.5-17.5 15.7-1.8 41-.8 46 5.7 3.7 5.1 0 27.1-6.5 43.1z\"><\/path><\/svg>\t\t\t<\/span>\n\t\t\t\t\t\t\t\t\t<span class=\"elementor-button-text\">LEIA NO KINDLE<\/span>\n\t\t\t\t\t<\/span>\n\t\t\t\t\t<\/a>\n\t\t\t\t<\/div>\n\t\t\t\t\t\t\t\t<\/div>\n\t\t\t\t<\/div>\n\t\t\t\t<\/div>\n\t\t\t\t<\/div>\n\t\t\t\t<\/div>\n\t\t<div class=\"elementor-element elementor-element-750a11dc e-con-full e-flex wpr-particle-no wpr-jarallax-no wpr-parallax-no wpr-sticky-section-no wpr-equal-height-no e-con e-child\" data-id=\"750a11dc\" data-element_type=\"container\" data-e-type=\"container\">\n\t\t\t\t<div class=\"elementor-element elementor-element-70bb7557 elementor-widget elementor-widget-image\" data-id=\"70bb7557\" data-element_type=\"widget\" data-e-type=\"widget\" data-widget_type=\"image.default\">\n\t\t\t\t<div class=\"elementor-widget-container\">\n\t\t\t\t\t\t\t\t\t\t\t\t\t\t\t<img fetchpriority=\"high\" decoding=\"async\" width=\"259\" height=\"388\" src=\"https:\/\/cliente.rezeta.com.br\/belfante\/wp-content\/uploads\/2022\/02\/book-cover4.png\" class=\"attachment-full size-full wp-image-286\" alt=\"\" srcset=\"https:\/\/cliente.rezeta.com.br\/belfante\/wp-content\/uploads\/2022\/02\/book-cover4.png 259w, https:\/\/cliente.rezeta.com.br\/belfante\/wp-content\/uploads\/2022\/02\/book-cover4-200x300.png 200w\" sizes=\"(max-width: 259px) 100vw, 259px\" \/>\t\t\t\t\t\t\t\t\t\t\t\t\t\t\t<\/div>\n\t\t\t\t<\/div>\n\t\t\t\t<\/div>\n\t\t\t\t\t<\/div>\n\t\t\t\t<\/div>\n\t\t<div class=\"elementor-element elementor-element-16b3827 e-flex e-con-boxed wpr-particle-no wpr-jarallax-no wpr-parallax-no wpr-sticky-section-no wpr-equal-height-no e-con e-parent\" data-id=\"16b3827\" data-element_type=\"container\" data-e-type=\"container\" data-settings=\"{&quot;background_background&quot;:&quot;classic&quot;}\">\n\t\t\t\t\t<div class=\"e-con-inner\">\n\t\t<div class=\"elementor-element elementor-element-d906b14 e-con-full e-flex wpr-particle-no wpr-jarallax-no wpr-parallax-no wpr-sticky-section-no wpr-equal-height-no e-con e-child\" data-id=\"d906b14\" data-element_type=\"container\" data-e-type=\"container\">\n\t\t\t\t<div class=\"elementor-element elementor-element-072e291 elementor-grid-1 pp-equal-height-yes elementor-grid-tablet-2 elementor-grid-mobile-1 elementor-widget elementor-widget-pp-posts\" data-id=\"072e291\" data-element_type=\"widget\" data-e-type=\"widget\" data-widget_type=\"pp-posts.classic\">\n\t\t\t\t<div class=\"elementor-widget-container\">\n\t\t\t\t\t\t\t<div class=\"pp-posts-container\">\n\t\t\t\n\t\t\t\t\t\t\t\t\t\t\n\t\t\t<div class=\"pp-posts pp-posts-skin-classic elementor-grid pp-posts-grid\" data-query-type=\"custom\" data-layout=\"grid\" data-page=\"1136\" data-skin=\"classic\">\n\t\t\t\t\t\t\t\t\t\t\t<div class=\"pp-post-wrap pp-grid-item-wrap elementor-grid-item post-1200 post type-post status-publish format-standard hentry category-contos-do-fim-do-mundo\">\n\t\t\t\t\t\t<div class=\"pp-post pp-grid-item\">\n\t\t\t\t\n\t\t\t\t\n\t\t\t\t<div class=\"pp-post-content-wrap\">\n\t\t\t\t\t<div class=\"pp-post-content\">\n\t\t\t\t\t\t\t\t\t\t\t\t<h2 class=\"pp-post-title\">\n\t\t\t\t<a href=\"https:\/\/cliente.rezeta.com.br\/belfante\/colorado\/\">Colorado<\/a>\t\t\t<\/h2>\n\t\t\t\t\t\t\t\t\t<div class=\"pp-post-meta\">\n\t\t\t\t\t\t<span class=\"pp-post-date\">\n\t\t\t\t\t\t<span class=\"pp-meta-text\">\n\t\t\t\t29\/10\/2024\t\t\t<\/span>\n\t\t<\/span>\n\t\t<span class=\"pp-meta-separator\"><\/span>\n\t\t\t\t\t\t\t<\/div>\n\t\t\t\t\t<div class=\"pp-post-excerpt\">\n\t\t\t<p>\u201cPode entrar!\u201d. Donald, um historiador consagrado, constr\u00f3i uma tabela detalhada de seu novo trabalho. Sentado em sua escrivaninha, realiza seu ato matutino e cotidiano de atualiza\u00e7\u00e3o. \u201c\u00c9 preciso tabelar para fazer a organiza\u00e7\u00e3o trabalhar por si\u201d, j\u00e1 dizia \u201cA Cerca da Produtividade\u201d, seu livro de cabeceira. \u201cT\u00f4 entrando!\u201d. Sua sogra entra no c\u00f4modo junto com um prato de manga fatiada, seu jeito carinhoso de dizer bom-dia. \u201cVai uma manguinha a\u00ed?\u201d. Donald olha a senhora de meia idade com seu sobretudo branco e um cinto rosa que segura a vestimenta junto ao corpo. N\u00e3o \u00e9 Natal, mas se lembrou de mistletoe. ...<\/p>\n\t\t<\/div>\n\t\t\t\t\t\t\t<\/div>\n\t\t\t\t\t\t\t<a class=\"pp-posts-button elementor-button elementor-size-sm\" href=\"https:\/\/cliente.rezeta.com.br\/belfante\/colorado\/\" title=\"Colorado\" aria-label=\"Read more about Colorado\">\n\t\t\t\t\t\t\t\t\t\t<span class=\"pp-button-text\">\n\t\t\t\t\tContinue lendo &gt;\t\t\t\t<\/span>\n\t\t\t\t\t\t\t\t\t<span class=\"pp-button-icon elementor-button-icon elementor-align-icon-right\">\n\t\t\t\t\t\t\t<\/span>\n\t\t\t\t\t<\/a>\n\t\t\t\t\t\t<\/div>\n\n\t\t\t\t\t\t\t<\/div>\n\t\t\t\t\t<\/div>\n\t\t\t\t<div class=\"pp-post-wrap pp-grid-item-wrap elementor-grid-item post-1198 post type-post status-publish format-standard hentry category-contos-do-fim-do-mundo\">\n\t\t\t\t\t\t<div class=\"pp-post pp-grid-item\">\n\t\t\t\t\n\t\t\t\t\n\t\t\t\t<div class=\"pp-post-content-wrap\">\n\t\t\t\t\t<div class=\"pp-post-content\">\n\t\t\t\t\t\t\t\t\t\t\t\t<h2 class=\"pp-post-title\">\n\t\t\t\t<a href=\"https:\/\/cliente.rezeta.com.br\/belfante\/o-grito-silencioso\/\">O Grito Silencioso<\/a>\t\t\t<\/h2>\n\t\t\t\t\t\t\t\t\t<div class=\"pp-post-meta\">\n\t\t\t\t\t\t<span class=\"pp-post-date\">\n\t\t\t\t\t\t<span class=\"pp-meta-text\">\n\t\t\t\t29\/10\/2024\t\t\t<\/span>\n\t\t<\/span>\n\t\t<span class=\"pp-meta-separator\"><\/span>\n\t\t\t\t\t\t\t<\/div>\n\t\t\t\t\t<div class=\"pp-post-excerpt\">\n\t\t\t<p>A Dra. Helena, renomada geneticista, dedicou sua vida ao estudo do DNA humano. Sua obsess\u00e3o pela complexidade da vida a levou a desvendar os segredos mais profundos do c\u00f3digo gen\u00e9tico, mas tamb\u00e9m a ultrapassar os limites da \u00e9tica cient\u00edfica. Em seu laborat\u00f3rio secreto, ela conduzia experimentos clandestinos, manipulando genes e fundindo esp\u00e9cies, buscando criar a forma de vida perfeita. Uma noite, Helena recebeu um visitante inesperado: um ser alto e p\u00e1lido, com olhos negros e profundos, que se identificou como um emiss\u00e1rio de uma civiliza\u00e7\u00e3o avan\u00e7ada. Ele lhe ofereceu conhecimento proibido, segredos ancestrais sobre a manipula\u00e7\u00e3o gen\u00e9tica em troca de ...<\/p>\n\t\t<\/div>\n\t\t\t\t\t\t\t<\/div>\n\t\t\t\t\t\t\t<a class=\"pp-posts-button elementor-button elementor-size-sm\" href=\"https:\/\/cliente.rezeta.com.br\/belfante\/o-grito-silencioso\/\" title=\"O Grito Silencioso\" aria-label=\"Read more about O Grito Silencioso\">\n\t\t\t\t\t\t\t\t\t\t<span class=\"pp-button-text\">\n\t\t\t\t\tContinue lendo &gt;\t\t\t\t<\/span>\n\t\t\t\t\t\t\t\t\t<span class=\"pp-button-icon elementor-button-icon elementor-align-icon-right\">\n\t\t\t\t\t\t\t<\/span>\n\t\t\t\t\t<\/a>\n\t\t\t\t\t\t<\/div>\n\n\t\t\t\t\t\t\t<\/div>\n\t\t\t\t\t<\/div>\n\t\t\t\t<div class=\"pp-post-wrap pp-grid-item-wrap elementor-grid-item post-1196 post type-post status-publish format-standard hentry category-contos-do-fim-do-mundo\">\n\t\t\t\t\t\t<div class=\"pp-post pp-grid-item\">\n\t\t\t\t\n\t\t\t\t\n\t\t\t\t<div class=\"pp-post-content-wrap\">\n\t\t\t\t\t<div class=\"pp-post-content\">\n\t\t\t\t\t\t\t\t\t\t\t\t<h2 class=\"pp-post-title\">\n\t\t\t\t<a href=\"https:\/\/cliente.rezeta.com.br\/belfante\/a-noite-dos-olhos-brilhantes\/\">A Noite dos Olhos Brilhantes<\/a>\t\t\t<\/h2>\n\t\t\t\t\t\t\t\t\t<div class=\"pp-post-meta\">\n\t\t\t\t\t\t<span class=\"pp-post-date\">\n\t\t\t\t\t\t<span class=\"pp-meta-text\">\n\t\t\t\t29\/10\/2024\t\t\t<\/span>\n\t\t<\/span>\n\t\t<span class=\"pp-meta-separator\"><\/span>\n\t\t\t\t\t\t\t<\/div>\n\t\t\t\t\t<div class=\"pp-post-excerpt\">\n\t\t\t<p>O sil\u00eancio da madrugada era quebrado apenas pelo cricrilar dos grilos quando a pequena fazenda de Thomas foi banhada por uma luz ofuscante. Um objeto disc\u00f3ide pairou sobre o celeiro, projetando um facho azulado que atravessava as paredes de madeira. Thomas, paralisado de medo, observava da janela de seu quarto a figura alta e esguia que emergia do disco. Seus olhos, grandes e negros, brilhavam com uma intensidade sobrenatural, fixando-se na casa como se buscassem algo. Horas depois, o objeto j\u00e1 havia partido, deixando para tr\u00e1s um rastro de terror e uma estranha sensa\u00e7\u00e3o de vazio na alma de Thomas. ...<\/p>\n\t\t<\/div>\n\t\t\t\t\t\t\t<\/div>\n\t\t\t\t\t\t\t<a class=\"pp-posts-button elementor-button elementor-size-sm\" href=\"https:\/\/cliente.rezeta.com.br\/belfante\/a-noite-dos-olhos-brilhantes\/\" title=\"A Noite dos Olhos Brilhantes\" aria-label=\"Read more about A Noite dos Olhos Brilhantes\">\n\t\t\t\t\t\t\t\t\t\t<span class=\"pp-button-text\">\n\t\t\t\t\tContinue lendo &gt;\t\t\t\t<\/span>\n\t\t\t\t\t\t\t\t\t<span class=\"pp-button-icon elementor-button-icon elementor-align-icon-right\">\n\t\t\t\t\t\t\t<\/span>\n\t\t\t\t\t<\/a>\n\t\t\t\t\t\t<\/div>\n\n\t\t\t\t\t\t\t<\/div>\n\t\t\t\t\t<\/div>\n\t\t\t\t<div class=\"pp-post-wrap pp-grid-item-wrap elementor-grid-item post-1 post type-post status-publish format-standard hentry category-contos-do-fim-do-mundo\">\n\t\t\t\t\t\t<div class=\"pp-post pp-grid-item\">\n\t\t\t\t\n\t\t\t\t\n\t\t\t\t<div class=\"pp-post-content-wrap\">\n\t\t\t\t\t<div class=\"pp-post-content\">\n\t\t\t\t\t\t\t\t\t\t\t\t<h2 class=\"pp-post-title\">\n\t\t\t\t<a href=\"https:\/\/cliente.rezeta.com.br\/belfante\/hello-world\/\">H\u00edbridos Malditos<\/a>\t\t\t<\/h2>\n\t\t\t\t\t\t\t\t\t<div class=\"pp-post-meta\">\n\t\t\t\t\t\t<span class=\"pp-post-date\">\n\t\t\t\t\t\t<span class=\"pp-meta-text\">\n\t\t\t\t29\/10\/2024\t\t\t<\/span>\n\t\t<\/span>\n\t\t<span class=\"pp-meta-separator\"><\/span>\n\t\t\t\t\t\t\t<\/div>\n\t\t\t\t\t<div class=\"pp-post-excerpt\">\n\t\t\t<p>Nas sombras da noite, um terror se agiganta, Seres de al\u00e9m, com olhos que brilham e assustam. Da vastid\u00e3o c\u00f3smica, um segredo profundo, Aliens sedentos, por um elo mundano. Com garras afiadas e pele escamosa, Invadem a Terra, com uma miss\u00e3o tenebrosa. Buscam em humanos, a chave da vida, Para perpetuar sua ra\u00e7a, em meio \u00e0 ferida. Raptam os corpos, em noites sem luar, Em mesas frias, experimentos a realizar. Fundem o DNA, em um ritual macabro, Criando h\u00edbridos, num ber\u00e7o de labro. Seres deformados, com olhos vazios e frios, Fruto da uni\u00e3o, de mundos t\u00e3o distintos. Clamando por liberdade, ...<\/p>\n\t\t<\/div>\n\t\t\t\t\t\t\t<\/div>\n\t\t\t\t\t\t\t<a class=\"pp-posts-button elementor-button elementor-size-sm\" href=\"https:\/\/cliente.rezeta.com.br\/belfante\/hello-world\/\" title=\"H\u00edbridos Malditos\" aria-label=\"Read more about H\u00edbridos Malditos\">\n\t\t\t\t\t\t\t\t\t\t<span class=\"pp-button-text\">\n\t\t\t\t\tContinue lendo &gt;\t\t\t\t<\/span>\n\t\t\t\t\t\t\t\t\t<span class=\"pp-button-icon elementor-button-icon elementor-align-icon-right\">\n\t\t\t\t\t\t\t<\/span>\n\t\t\t\t\t<\/a>\n\t\t\t\t\t\t<\/div>\n\n\t\t\t\t\t\t\t<\/div>\n\t\t\t\t\t<\/div>\n\t\t\t\t\t\t\t\t\t<\/div>\n\t\t\t\n\t\t\t\n\t\t\t\n\t\t\t\n\t\t\t\t\t\t\t\t\t\t\t\t<\/div>\n\n\t\t\n\t\t\t\t\t\t<\/div>\n\t\t\t\t<\/div>\n\t\t\t\t<\/div>\n\t\t\t\t\t<\/div>\n\t\t\t\t<\/div>\n\t\t\t\t<\/div>\n\t\t","protected":false},"excerpt":{"rendered":"<p>Pr\u00e9-venda dispon\u00edvel! Contos das quinze linhas Um evento. Quinze pessoas. Um n\u00f3 inescap\u00e1vel do destino. Primeiro livro da s\u00e9rie ficcional A Capital, Contos das Quinze Linhas revela o cotidiano de seus personagens em textos curtos, atemporais e profundamente envolventes. Cada linha conduz o leitor em dire\u00e7\u00e3o ao fat\u00eddico dia, tecendo uma trama onde vidas se cruzam e se transformam de forma inesperada. LEIA NO KINDLE Colorado 29\/10\/2024 \u201cPode entrar!\u201d. Donald, um historiador consagrado, constr\u00f3i uma tabela detalhada de seu novo trabalho. Sentado em sua escrivaninha, realiza seu ato matutino e cotidiano de atualiza\u00e7\u00e3o. \u201c\u00c9 preciso tabelar para fazer a organiza\u00e7\u00e3o trabalhar por si\u201d, j\u00e1 dizia \u201cA Cerca da Produtividade\u201d, seu livro de cabeceira. \u201cT\u00f4 entrando!\u201d. Sua sogra entra no c\u00f4modo junto com um prato de manga fatiada, seu jeito carinhoso de dizer bom-dia. \u201cVai uma manguinha a\u00ed?\u201d. Donald olha a senhora de meia idade com seu sobretudo branco e um cinto rosa que segura a vestimenta junto ao corpo. N\u00e3o \u00e9 Natal, mas se lembrou de mistletoe. &#8230; Continue lendo &gt; O Grito Silencioso 29\/10\/2024 A Dra. Helena, renomada geneticista, dedicou sua vida ao estudo do DNA humano. Sua obsess\u00e3o pela complexidade da vida a levou a desvendar os segredos mais profundos do c\u00f3digo gen\u00e9tico, mas tamb\u00e9m a ultrapassar os limites da \u00e9tica cient\u00edfica. Em seu laborat\u00f3rio secreto, ela conduzia experimentos clandestinos, manipulando genes e fundindo esp\u00e9cies, buscando criar a forma de vida perfeita. Uma noite, Helena recebeu um visitante inesperado: um ser alto e p\u00e1lido, com olhos negros e profundos, que se identificou como um emiss\u00e1rio de uma civiliza\u00e7\u00e3o avan\u00e7ada. Ele lhe ofereceu conhecimento proibido, segredos ancestrais sobre a manipula\u00e7\u00e3o gen\u00e9tica em troca de &#8230; Continue lendo &gt; A Noite dos Olhos Brilhantes 29\/10\/2024 O sil\u00eancio da madrugada era quebrado apenas pelo cricrilar dos grilos quando a pequena fazenda de Thomas foi banhada por uma luz ofuscante. Um objeto disc\u00f3ide pairou sobre o celeiro, projetando um facho azulado que atravessava as paredes de madeira. Thomas, paralisado de medo, observava da janela de seu quarto a figura alta e esguia que emergia do disco. Seus olhos, grandes e negros, brilhavam com uma intensidade sobrenatural, fixando-se na casa como se buscassem algo. Horas depois, o objeto j\u00e1 havia partido, deixando para tr\u00e1s um rastro de terror e uma estranha sensa\u00e7\u00e3o de vazio na alma de Thomas. &#8230; Continue lendo &gt; H\u00edbridos Malditos 29\/10\/2024 Nas sombras da noite, um terror se agiganta, Seres de al\u00e9m, com olhos que brilham e assustam. Da vastid\u00e3o c\u00f3smica, um segredo profundo, Aliens sedentos, por um elo mundano. Com garras afiadas e pele escamosa, Invadem a Terra, com uma miss\u00e3o tenebrosa. Buscam em humanos, a chave da vida, Para perpetuar sua ra\u00e7a, em meio \u00e0 ferida. Raptam os corpos, em noites sem luar, Em mesas frias, experimentos a realizar. Fundem o DNA, em um ritual macabro, Criando h\u00edbridos, num ber\u00e7o de labro. Seres deformados, com olhos vazios e frios, Fruto da uni\u00e3o, de mundos t\u00e3o distintos. Clamando por liberdade, &#8230; Continue lendo &gt;<\/p>\n","protected":false},"author":1,"featured_media":0,"parent":0,"menu_order":0,"comment_status":"closed","ping_status":"closed","template":"","meta":{"site-sidebar-layout":"no-sidebar","site-content-layout":"page-builder","ast-site-content-layout":"full-width-container","site-content-style":"unboxed","site-sidebar-style":"unboxed","ast-global-header-display":"","ast-banner-title-visibility":"","ast-main-header-display":"","ast-hfb-above-header-display":"","ast-hfb-below-header-display":"","ast-hfb-mobile-header-display":"","site-post-title":"disabled","ast-breadcrumbs-content":"disabled","ast-featured-img":"disabled","footer-sml-layout":"","ast-disable-related-posts":"","theme-transparent-header-meta":"disabled","adv-header-id-meta":"","stick-header-meta":"","header-above-stick-meta":"","header-main-stick-meta":"","header-below-stick-meta":"","astra-migrate-meta-layouts":"set","ast-page-background-enabled":"default","ast-page-background-meta":{"desktop":{"background-color":"var(--ast-global-color-4)","background-image":"","background-repeat":"repeat","background-position":"center center","background-size":"auto","background-attachment":"scroll","background-type":"","background-media":"","overlay-type":"","overlay-color":"","overlay-opacity":"","overlay-gradient":""},"tablet":{"background-color":"","background-image":"","background-repeat":"repeat","background-position":"center center","background-size":"auto","background-attachment":"scroll","background-type":"","background-media":"","overlay-type":"","overlay-color":"","overlay-opacity":"","overlay-gradient":""},"mobile":{"background-color":"","background-image":"","background-repeat":"repeat","background-position":"center center","background-size":"auto","background-attachment":"scroll","background-type":"","background-media":"","overlay-type":"","overlay-color":"","overlay-opacity":"","overlay-gradient":""}},"ast-content-background-meta":{"desktop":{"background-color":"var(--ast-global-color-5)","background-image":"","background-repeat":"repeat","background-position":"center center","background-size":"auto","background-attachment":"scroll","background-type":"","background-media":"","overlay-type":"","overlay-color":"","overlay-opacity":"","overlay-gradient":""},"tablet":{"background-color":"var(--ast-global-color-5)","background-image":"","background-repeat":"repeat","background-position":"center center","background-size":"auto","background-attachment":"scroll","background-type":"","background-media":"","overlay-type":"","overlay-color":"","overlay-opacity":"","overlay-gradient":""},"mobile":{"background-color":"var(--ast-global-color-5)","background-image":"","background-repeat":"repeat","background-position":"center center","background-size":"auto","background-attachment":"scroll","background-type":"","background-media":"","overlay-type":"","overlay-color":"","overlay-opacity":"","overlay-gradient":""}},"footnotes":""},"class_list":["post-1136","page","type-page","status-publish","hentry"],"_links":{"self":[{"href":"https:\/\/cliente.rezeta.com.br\/belfante\/wp-json\/wp\/v2\/pages\/1136","targetHints":{"allow":["GET"]}}],"collection":[{"href":"https:\/\/cliente.rezeta.com.br\/belfante\/wp-json\/wp\/v2\/pages"}],"about":[{"href":"https:\/\/cliente.rezeta.com.br\/belfante\/wp-json\/wp\/v2\/types\/page"}],"author":[{"embeddable":true,"href":"https:\/\/cliente.rezeta.com.br\/belfante\/wp-json\/wp\/v2\/users\/1"}],"replies":[{"embeddable":true,"href":"https:\/\/cliente.rezeta.com.br\/belfante\/wp-json\/wp\/v2\/comments?post=1136"}],"version-history":[{"count":88,"href":"https:\/\/cliente.rezeta.com.br\/belfante\/wp-json\/wp\/v2\/pages\/1136\/revisions"}],"predecessor-version":[{"id":1333,"href":"https:\/\/cliente.rezeta.com.br\/belfante\/wp-json\/wp\/v2\/pages\/1136\/revisions\/1333"}],"wp:attachment":[{"href":"https:\/\/cliente.rezeta.com.br\/belfante\/wp-json\/wp\/v2\/media?parent=1136"}],"curies":[{"name":"wp","href":"https:\/\/api.w.org\/{rel}","templated":true}]}}